. Suppose -3*y = 4*a - 48, -2*y + z*y = 3*a - 37. What are the prime factors of a?
3, 5
Suppose 0*j = -3*j. Suppose j*x - 3*y - 48 = -3*x, -2*x + 32 = -3*y. What are the prime factors of x?
2
Suppose 32 + 268 = -4*c. List the prime factors of c/(-10) + 2/(-4).
7
Suppose 0 = 5*t + 3*i - 5, -7*t - i = -3*t + 3. Let j be (2 - 3) + (-32)/t. Let r = j - 4. List the prime factors of r.
11
What are the prime factors of (28 - 26)/((-2)/(-302))?
2, 151
List the prime factors of (84/48)/(3*(-3)/(-504)).
2, 7
Let y(j) = -2*j**2 - 5*j**3 - 19*j**3 + 7*j**3 + j. Let o be y(1). List the prime factors of (-2)/9 + (-148)/o.
2
Suppose 3*l - 147 = -0*l. Let s = l - 34. List the prime factors of s.
3, 5
Let h(p) = -p**2 + p + 10. Let q(z) = z**3 + 6*z**2 + z + 8. Let w be q(-6). Suppose g + w*g = 0. What are the prime factors of h(g)?
2, 5
Let p(x) = x + 43. What are the prime factors of p(-19)?
2, 3
Let h(f) = -f**3 - 8*f**2 - f - 8. Let z be h(-8). Suppose z*c - c = -23. List the prime factors of c.
23
Suppose -s = -2*s - 7. Let k(j) = j**3 + 7*j**2 - j + 5. Let d be k(s). Suppose 2*o = 4*v - 18, 3*v + v = -4*o + d. What are the prime factors of v?
2
Suppose s + 8 = -3*s. Let c = -2 - s. Let u = c + 2. What are the prime factors of u?
2
Let y(n) = -5*n**3 + 2*n**2 - 2*n + 1. Let p be y(1). Let t = -2 - p. Suppose -3*r - t = -5, -2*r - 61 = -3*z. What are the prime factors of z?
3, 7
Let p = -4 - -4. Suppose p = -2*q + 4*w - 30, -q = -0*q + 2*w + 23. Let v = q + 32. What are the prime factors of v?
13
Let z(j) = -10*j - 3. List the prime factors of z(-7).
67
Let c be 3*1*(-12)/9. Suppose 3*m - 3 = 51. Let u = m + c. List the prime factors of u.
2, 7
Suppose -2*m + h - 3 = -62, -5*m + 3*h + 146 = 0. List the prime factors of m.
31
Suppose 0*l = -3*l. Suppose l*v = -v + 16. List the prime factors of v.
2
Let d = -9 - -29. List the prime factors of 15/4 + (-15)/d.
3
What are the prime factors of 58*2*1/4?
29
Suppose -t = 0, 0 = 3*r - 2*t - t + 90. Let g = 54 + r. What are the prime factors of g?
2, 3
Let s be 6/(-10) + (-706)/(-10). Let t = s - 40. List the prime factors of t.
2, 3, 5
Let w = 5 + -10. What are the prime factors of w*((-16)/5 + 1)?
11
Suppose 0 = -3*u + 4 + 11. Suppose -10 = u*r - 75. What are the prime factors of r?
13
What are the prime factors of 217/5 + (-22)/55?
43
What are the prime factors of 272/10*(-25)/(-10)?
2, 17
Let d be 2 + (-3)/((-6)/2). Suppose 0 = 3*a - d - 12. List the prime factors of a.
5
Let r = 112 - 4. List the prime factors of r.
2, 3
Suppose 128 = 4*z - 2*p - 102, -2*z - 5*p = -85. List the prime factors of z.
5, 11
Suppose 0 = 3*l + l. Suppose f + l*f = 32. What are the prime factors of (f/(-4))/(-1*1)?
2
Let b(l) = l + 2. Let x be b(0). Let k = 7 + -21. Let g = x - k. What are the prime factors of g?
2
Let c = 7 + -2. What are the prime factors of c?
5
Let k be 3/(1 - 1/(-2)). Suppose -x - k*x = 24. What are the prime factors of 4 - (4 - 2) - x?
2, 5
Let h = 3 - -227. What are the prime factors of h?
2, 5, 23
Let v = -2 - -3. Let d = 3 - 2. What are the prime factors of v*39/3*d?
13
Let w(a) = 2*a**2 - 5*a - 38. What are the prime factors of w(-11)?
7, 37
Let b(c) = 0*c + 5 + c + c**2 - 4. Let t = 4 - 7. What are the prime factors of b(t)?
7
Let p = 96 + -58. List the prime factors of p.
2, 19
List the prime factors of 79*2*4/8.
79
Let y(s) = -s**2 + 6*s + 3. List the prime factors of y(3).
2, 3
Let n = -5 + 2. Let m be ((-10)/n)/((-4)/(-6)). Let w = 9 - m. What are the prime factors of w?
2
Suppose 0*q = -4*r - 2*q + 176, q + 44 = r. What are the prime factors of r?
2, 11
Let j be (-201)/(-5) + 3/(-15). Let z = j - 10. Suppose 5*g - u = z, -5*g + u = -4*u - 30. What are the prime factors of g?
2, 3
Suppose -3*p + 21 - 9 = 0. Suppose 0*x - 128 = -p*x. List the prime factors of x.
2
Let v be (1 + -2)/(-1) + -1. Suppose u - 5 = -5*c + 41, u + 4 = v. Suppose d + 4*d = c. List the prime factors of d.
2
Let c be 39 - (-2)/(-4)*-4. Let y = 67 - c. List the prime factors of y.
2, 13
Let x be 15/(-9) + 10/15. Suppose -4*l = -2*l - 6. Let y = l + x. List the prime factors of y.
2
Suppose -2*o + o + 62 = 0. List the prime factors of o.
2, 31
Let i be ((-2)/5)/((-3)/165). Let d = i - 7. What are the prime factors of d?
3, 5
Let c(t) = t + 3. Let u(k) = k**3 - 4*k**2 + k + 2. Let l(x) = 2*x**2 - x - 2. Let b be l(2). Let h be u(b). What are the prime factors of c(h)?
3
Let i(t) be the second derivative of t**4/6 - 7*t**3/6 + 2*t**2 + 3*t. What are the prime factors of i(5)?
19
Suppose 3*z = 4*z - 119. List the prime factors of z.
7, 17
Suppose 9*t = 2*v + 4*t - 25, 5*t = 5. What are the prime factors of v?
3, 5
Let l be 15/(-12)*(-2 + -2). List the prime factors of l/(15/72) + -4.
2, 5
Let q(o) be the second derivative of o**3/2 + 3*o**2 + o. Let g be q(-4). What are the prime factors of g/(-1) - (-5 + 3)?
2
Let p be (-2)/4*-14 - 2. Suppose -2*d + 2*x = -38, p*d + 5*x = 2*x + 111. What are the prime factors of d?
3, 7
Let q(u) = 37*u**2 - u. What are the prime factors of q(1)?
2, 3
Let d be 1 - (-1 + 0 + -1). Suppose -5*o + 15 = -0*o - 2*w, 4*o - 3*w = 12. Suppose -4*x = -2*s + 20, o*s + 0*x - 21 = -d*x. List the prime factors of s.
2
Suppose -302 = -3*r - 4*m, 5*r + 2*m - 534 = 3*m. What are the prime factors of r?
2, 53
Let l = 25 - -122. What are the prime factors of l?
3, 7
Suppose 0 = -4*l + 4*t - 300, l + 2*t + 170 = -l. Let v = l - -119. List the prime factors of v.
3, 13
Let q(r) = 2*r + 10 - 3*r + 9. Suppose g = 6*g - 40. What are the prime factors of q(g)?
11
Let u = -5 - -51. Suppose -7*r + u = -136. What are the prime factors of r?
2, 13
Suppose w - 29 = 50. List the prime factors of w.
79
Let f(w) = -w**2 + 9*w - 4. Let l be f(7). Let p = l + -6. List the prime factors of p.
2
Let x(m) = 4*m**2 - 2*m + 36. List the prime factors of x(-6).
2, 3
Suppose 5*f + 284 = s, -s - 5*f + 304 - 10 = 0. List the prime factors of s.
17
Let d = -46 - -113. What are the prime factors of d?
67
Let l = -42 - -44. List the prime factors of l.
2
Let v(o) = 3*o + 1. Let x be 5/((-15)/6)*-1. Let u be v(x). Suppose -r + 2*s + 0*s = 1, 0 = 2*r - s - u. List the prime factors of r.
5
Suppose -5*o + m + 112 = -2*m, -5*m = -5*o + 110. Suppose -92 = -5*d + o. What are the prime factors of d?
23
Suppose 2*d + 8 = 4*d. Suppose j + j = -d*m + 30, 5*m = 4*j + 57. What are the prime factors of m?
3
Let y = 1 - 0. Let h = y + 2. List the prime factors of h.
3
Let g(k) = -k**3 - 16*k**2 - k - 9. What are the prime factors of g(-16)?
7
Suppose -j + 18 = 2*j. Let k(z) = 2*z + z**3 + 10 + j*z**2 - 8*z + 0*z. What are the prime factors of k(-7)?
3
Suppose 0 = 7*s - 2*s + 2*j + 19, -3 = 3*s - 3*j. Let x(a) = -4*a - 2. What are the prime factors of x(s)?
2, 5
Suppose y = -1 - 1. Let u = y + 9. What are the prime factors of u?
7
Suppose 0 = 4*u, -u = 2*w - 184 - 324. What are the prime factors of w?
2, 127
Let g(c) = -c**2 + 22*c - 28. List the prime factors of g(19).
29
Let m = 12 + -8. Suppose 2*f - 4*t + 40 = 12, 0 = -m*f - 4*t - 104. Let l = f + 32. List the prime factors of l.
2, 5
Suppose 2*l - 4*i - 142 = 0, -3*l = 6*i - 2*i - 223. What are the prime factors of l?
73
Let j = -57 + 177. What are the prime factors of j?
2, 3, 5
Let r(l) = -l**3 - 7*l**2 - l + 4. Let f = 7 - 5. Let m be (7/(-2))/(1/f). List the prime factors of r(m).
11
Let n be (-4)/(-2) - (2 - 0). Let x(l) = l**3 - l + 13. What are the prime factors of x(n)?
13
Let x = 16 + 7. What are the prime factors of x?
23
Let b = 22 - 9. What are the prime factors of b?
13
List the prime factors of 990/25 - 2/20*6.
3, 13
List the prime factors of ((-22)/(-2 + 3))/(-2).
11
Let n be (-1)/2*(0 - 10). Suppose n*q = q - 180. Let w = 64 + q. What are the prime factors of w?
19
Let i(g) = g**3 + 10*g**2 - g - 11. Let s be i(-10). Let a(y) = -19*y**3 - 2*y - 1. What are the prime factors of a(s)?
2, 5
Let v = 0 - -4. Suppose -2 = -2*x + 3*x - 4*m, 22 = -3*x - v*m. Let c = x - -14. What are the prime factors of c?
2
Let n(g) = g**2 + 14*g - 12. Let m be n(-15). Suppose 5*t + 4*w - m = 2, 0 = 3*t + 3*w. List the prime factors of t.
5
Let b(i) = i**3 + 7*i**2 + 2*i - 5*i + i - 3. What are the prime factors of b(-7)?
11
Let f be 2/11 + (-126)/(-33). What are the prime factors of (-28)/(-1) - f/(-4)?
29
Let